 Let b = j + 3. Calculate the remainder when b is divided by a.
5
Let w = -3 - -7. Calculate the remainder when 13 is divided by -4 + 6 + w + -1.
3
Let d(n) = -2*n - 1. Let i(s) = -10*s - 4. Let u(t) = -16*d(t) + 3*i(t). Let k be u(4). Calculate the remainder when 37 is divided by (52/k)/(2/6).
11
Suppose 0 = 4*l + 3*h - 193, 0 = -3*l + l + 2*h + 100. Suppose l = 5*k + 3*o + o, 2*o = 5*k - 43. Let s = 39 + -4. What is the remainder when s is divided by k?
8
Calculate the remainder when (568/(-12))/(12/(-18)) is divided by 18.
17
Suppose -20 = -4*p, 3*p = -2*k - 4 + 17. Let t = -38 - -84. What is the remainder when t is divided by 235/15 - k/3?
14
Let b(i) = 0*i + 2*i - 5*i - 2. Let d(x) = x**2 - 8*x + 4. Let a be d(7). What is the remainder when 19 is divided by b(a)?
5
Suppose -w - 258 = -4*i - 2*w, 5*i = w + 327. Let v = i - 33. What is the remainder when v is divided by 11?
10
Let r = 8 - 8. Suppose a - 4*m + 17 = 0, r = 3*m + 2*m - 25. Suppose -2*z + z + 3*h = -55, a*z = -3*h + 129. Calculate the remainder when z is divided by 12.
10
Let z = -81 + 98. What is the remainder when 30 is divided by z?
13
Let p be 3/((-1)/((-3)/3)). Suppose 0 = -2*o - k + 59, -2*o = 2*k - 6*k - 64. What is the remainder when o is divided by 1/(1/13) + p?
14
Let w(y) = y**3 - 2*y**2 + 2*y + 1. Suppose 5 - 11 = -3*i. Suppose -i*o + 2 = x, 4*o - 4*x - 8 = -5*x. What is the remainder when w(2) is divided by o?
2
Suppose -20 = -5*v + 20. Suppose -5*l + v = -32. What is the remainder when (l/(-10))/(3/(-120)) is divided by 17?
15
Suppose 0 = -2*w - 2*w + 12. What is the remainder when 10 is divided by w?
1
Let v(m) = 2*m**2 - 3*m + 3. Suppose 23 = -2*n - 3*n - 2*j, 4*j = 5*n + 29. What is the remainder when v(n) is divided by 23?
22
Suppose 4*z = -z + 575. Calculate the remainder when z is divided by 29.
28
Let o(l) = -l**3 - 5*l**2 + 5. Let i(k) = k + 2. Suppose -f + 2 = -4. What is the remainder when i(f) is divided by o(-5)?
3
Suppose 3*a - 300 = -3*a. Calculate the remainder when a is divided by 9.
5
Let k(c) = -c**2 - 7*c + 2. Let x = -5 - -40. Calculate the remainder when x is divided by k(-5).
11
Let f(n) = -n + 7. Calculate the remainder when ((-6)/3 - -20) + 0 is divided by f(3).
2
Let t(g) = g**3 + 6*g**2 + 2*g - 3. Let h be t(-4). Let i = 35 - h. Let z(a) = 3*a - 7. Calculate the remainder when i is divided by z(5).
6
Let w(y) = 4*y - 4. Let g(c) = -c**2 - 12*c + 13. Let z(a) = -2*g(a) - 7*w(a). Suppose 11 = 4*u - 1. Calculate the remainder when z(u) is divided by 5.
3
Let l be 5/(45/(-6))*-9. Suppose -2*w - 3*o = -83, w - l*w - 2*o + 213 = 0. What is the remainder when w is divided by 15?
13
Let p(t) = -t**3 - 5*t**2 - 3*t - 11. Let z(w) = w**3 - 7*w**2 + 8*w + 1. What is the remainder when z(6) is divided by p(-5)?
1
Suppose 56 = 8*x - x. Calculate the remainder when 37 is divided by x.
5
What is the remainder when (1*19)/(2 - 1) is divided by (-3 - -2) + -2 + 10?
5
Suppose -7*l = -8*l + 27. What is the remainder when 134 is divided by l?
26
Suppose r + 6 = 8. Let i = 90 + -56. Suppose i = r*d + 2*w, -w = w - 2. What is the remainder when 46 is divided by d?
14
Suppose -3*q = 3*w - 242 - 163, -w + 687 = 5*q. What is the remainder when q is divided by 28?
26
Let n(p) = -p**2 - 4*p - 5. Let z be n(-4). What is the remainder when 2/(((-12)/50)/(-3)) is divided by ((-18)/z)/(8/20)?
7
Suppose -2*w + 4 = -0. Let b be 0*(2 - 3/w). Suppose -4*z = -2*y - 92, b*z - 4*z - 5*y + 64 = 0. What is the remainder when z is divided by 11?
10
Let h be 1/((-2)/(-4)) + -7. Let k be h/(-15) + 29/3. Suppose -2*q + 50 = k. What is the remainder when 58 is divided by q?
18
Let b = -73 + 107. Calculate the remainder when b is divided by ((-4)/(-8))/((-3)/(-72)).
10
Let u = 35 + 11. What is the remainder when u is divided by 27?
19
Let k be (20/(-4))/((-3)/75). Suppose -33 = 5*m - j - k, 0 = 3*m + 2*j - 63. What is the remainder when m is divided by 10?
9
Suppose z + 3*i + 3 = 17, 0 = 2*i. Suppose z*m = 17*m - 27. What is the remainder when m is divided by 4?
1
Let j(h) = h**3 - 8*h**2 - 8*h - 6. Let x be j(9). Suppose -a = x*a - 12. Calculate the remainder when 5 is divided by a.
2
Let o be 2/(8/(-10))*-4. Calculate the remainder when (-124)/(-9) + (-4)/(-18) is divided by (o - -5)*(-2)/(-6).
4
Let k = 71 + -49. Calculate the remainder when 86 is divided by k.
20
Suppose 2 + 34 = 3*u. Let o(p) = p**2 + 4*p - 5. Calculate the remainder when u is divided by o(-6).
5
Suppose 0 = 3*d + 2*d - 505. Let u = -1 - -10. What is the remainder when d/4 - (-2)/(-8) is divided by u?
7
What is the remainder when 23 - (-1 + -1)*-1 is divided by 11?
10
Let s = -21 + 26. Suppose -3*u - p + 21 = 3*p, u = s*p - 12. Calculate the remainder when 3 is divided by u.
0
Let d = -34 - -49. Calculate the remainder when 133 is divided by d.
13
Let r = 8 - 12. What is the remainder when ((560/r)/(-4))/1 is divided by 9?
8
Suppose p + 3*v = -1, -2*v + v - 3 = p. Calculate the remainder when 8 + (-5)/((-5)/2) is divided by 3*p/(-2) + -2.
2
Calculate the remainder when 8 is divided by 1/3 + -1*(-46)/6.
0
Suppose -8*k = 10*k - 2232. What is the remainder when k is divided by 25?
24
Suppose 2*y - 6 = -4*i, -4 = 2*y - 0*i + 2*i. Let s(c) = -6 + 9*c + 7*c - 3 - 19*c. What is the remainder when s(y) is divided by 7?
5
Suppose 6*a = 3*a - 54. What is the remainder when (-4)/a - (-212)/18 is divided by 7?
5
Suppose 0 = 4*w + 8, s + 57 = 6*s - w. Calculate the remainder when 17 is divided by s.
6
Let j be (3 - 2)*(0 + 0). Let g = j + 1. What is the remainder when 2 is divided by g?
0
Suppose 5*b = 6*b - 2*p - 14, 58 = 3*b - 2*p. Calculate the remainder when 105 is divided by b.
17
Let b be (1 + 2 - 0) + 0. Suppose b*u + 2*u - 85 = 0. Calculate the remainder when 32 is divided by u.
15
Let o(g) = 4*g**2 - 42*g + 161. What is the remainder when o(4) is divided by 1 + (-1 - 0)*-14?
12
Calculate the remainder when 41 is divided by (-36)/(-1 - 2) + -3.
5
Let s = 5 - 5. Suppose s = 2*l + 5*t - 156, -t - 4 = -3*t. Suppose 0 = 5*k - l - 12. Calculate the remainder when k is divided by 9.
8
Let g = -40 - -85. Calculate the remainder when 223 is divided by g.
43
Suppose -8*a + 16*a - 16 = 0. What is the remainder when 16 is divided by a?
0
Calculate the remainder when 57 is divided by -15*1*(-5 - (-91)/21).
7
Suppose 61 = 3*u - l, 4*u + 2*l - 84 = 6*l. Calculate the remainder when (u/(-6))/((-2)/24) is divided by 14.
12
Let j = 22 - -149. Suppose 0 = 2*g - 5*g + j. What is the remainder when g is divided by 15?
12
Let x(c) = c**2 - 13*c + 11. Let s(a) = 12*a**2 - 2*a - 1. Let w be s(-1). Calculate the remainder when 21 is divided by x(w).
10
Suppose -x = 4*k + 2 + 8, -15 = -x + k. Suppose -3*r + r + x = 0. What is the remainder when r is divided by 2?
1
Let x(s) = 9*s + 2. Let b be x(4). Calculate the remainder when 2/(-6) - b/(-6) is divided by (-2)/13 - (-702)/169.
2
Let k = -14 + 19. Calculate the remainder when 14 is divided by k.
4
Suppose 0 = -n + 13 + 2. Suppose -2*q + 12 = 3*t, 21 = -5*q + 4*t + 5. Suppose q = -4*i + 184 - 12. Calculate the remainder when i is divided by n.
13
Let k = -64 + 120. What is the remainder when k is divided by 20?
16
Let a be 310/4 + (-2)/4. Suppose -62 = -2*d - 4*x, -25 = -2*d + 4*x + a. Let t(j) = -j**2 - j + 14. Calculate the remainder when d is divided by t(0).
13
Suppose 140 = 16*a - 340. Calculate the remainder when a is divided by (0 - -2) + 10 + -1.
8
What is the remainder when 63 is divided by 17 - (-2 + 2 + 0)?
12
Let b = 60 + -35. Let p(x) be the first derivative of x**2 - 9*x - 5. Calculate the remainder when b is divided by p(9).
7
Let f(p) = 2*p**2 + 3*p - 2. Calculate the remainder when f(-5) is divided by 12.
9
Let d(i) = -i**2 + 7*i - 2. Let k be d(7). Let w be k/8 + 45/4. Let u = w - 3. What is the remainder when u is divided by 3?
2
Suppose -2*i = -5*t - 19, t - 29 = -i - 3*t. What is the remainder when i is divided by 5?
2
Let u be (-6)/(-3)*6/4. Suppose -5*v + 12 = -u. Calculate the remainder when 1 + (3 - 3) + 4 is divided by v.
2
Suppose -4*p = -4*f - 0*p - 20, 4*p - 20 = 5*f. Suppose -d + 3 = -f. Calculate the remainder when 16 is divided by d.
1
Suppose -19*c + 31 = -18*c. What is the remainder when c is divided by 17?
14
Let o(p) = 11*p - 4. Calculate the remainde